s of 135719?
135719
List the prime factors of 1317.
3, 439
List the prime factors of 2394.
2, 3, 7, 19
What are the prime factors of 5566?
2, 11, 23
List the prime factors of 14974.
2, 7487
What are the prime factors of 75800?
2, 5, 379
What are the prime factors of 42003?
3, 13, 359
What are the prime factors of 981?
3, 109
List the prime factors of 126629.
139, 911
What are the prime factors of 3427?
23, 149
What are the prime factors of 37751?
7, 5393
List the prime factors of 10535.
5, 7, 43
What are the prime factors of 16471?
7, 13, 181
What are the prime factors of 448?
2, 7
List the prime factors of 2001.
3, 23, 29
List the prime factors of 4779.
3, 59
List the prime factors of 4768.
2, 149
What are the prime factors of 2642?
2, 1321
List the prime factors of 1116.
2, 3, 31
List the prime factors of 1975.
5, 79
What are the prime factors of 132220?
2, 5, 11, 601
What are the prime factors of 10463?
10463
What are the prime factors of 6518?
2, 3259
List the prime factors of 9867.
3, 11, 13, 23
List the prime factors of 10251.
3, 17, 67
What are the prime factors of 9830?
2, 5, 983
What are the prime factors of 15301?
11, 13, 107
List the prime factors of 20449.
11, 13
What are the prime factors of 47338?
2, 23669
What are the prime factors of 2895?
3, 5, 193
List the prime factors of 850.
2, 5, 17
List the prime factors of 1895.
5, 379
What are the prime factors of 162065?
5, 32413
What are the prime factors of 2870?
2, 5, 7, 41
What are the prime factors of 556?
2, 139
What are the prime factors of 42762?
2, 3, 7127
List the prime factors of 1501.
19, 79
List the prime factors of 20164.
2, 71
List the prime factors of 846.
2, 3, 47
List the prime factors of 1009.
1009
What are the prime factors of 6819?
3, 2273
List the prime factors of 685.
5, 137
List the prime factors of 34320.
2, 3, 5, 11, 13
List the prime factors of 76453.
13, 5881
List the prime factors of 37.
37
What are the prime factors of 314?
2, 157
What are the prime factors of 1581?
3, 17, 31
What are the prime factors of 2493?
3, 277
What are the prime factors of 1703?
13, 131
List the prime factors of 976.
2, 61
List the prime factors of 71013.
3, 23671
What are the prime factors of 124814?
2, 17, 3671
What are the prime factors of 14573?
13, 19, 59
List the prime factors of 87335.
5, 17467
List the prime factors of 2341.
2341
What are the prime factors of 5592?
2, 3, 233
What are the prime factors of 193757?
193757
What are the prime factors of 100820?
2, 5, 71
What are the prime factors of 2510?
2, 5, 251
What are the prime factors of 292?
2, 73
List the prime factors of 1545.
3, 5, 103
List the prime factors of 6057.
3, 673
What are the prime factors of 19106?
2, 41, 233
List the prime factors of 52641.
3, 5849
List the prime factors of 40098.
2, 3, 41, 163
What are the prime factors of 2243?
2243
What are the prime factors of 7382?
2, 3691
List the prime factors of 25580.
2, 5, 1279
What are the prime factors of 81956?
2, 7, 2927
What are the prime factors of 67534?
2, 33767
What are the prime factors of 19423?
19423
What are the prime factors of 66059?
7, 9437
List the prime factors of 169340.
2, 5, 8467
List the prime factors of 12865.
5, 31, 83
List the prime factors of 125166.
2, 3, 23, 907
List the prime factors of 11805.
3, 5, 787
List the prime factors of 1280.
2, 5
List the prime factors of 627.
3, 11, 19
What are the prime factors of 908?
2, 227
List the prime factors of 2730.
2, 3, 5, 7, 13
List the prime factors of 15162.
2, 3, 7, 19
What are the prime factors of 14642?
2, 7321
What are the prime factors of 8164?
2, 13, 157
List the prime factors of 4037.
11, 367
What are the prime factors of 3097?
19, 163
List the prime factors of 8465.
5, 1693
What are the prime factors of 1121?
19, 59
List the prime factors of 464.
2, 29
List the prime factors of 87820.
2, 5, 4391
What are the prime factors of 2029?
2029
What are the prime factors of 2278?
2, 17, 67
What are the prime factors of 2089?
2089
List the prime factors of 4767.
3, 7, 227
List the prime factors of 4812.
2, 3, 401
List the prime factors of 682.
2, 11, 31
List the prime factors of 1166.
2, 11, 53
What are the prime factors of 5213?
13, 401
What are the prime factors of 1470?
2, 3, 5, 7
List the prime factors of 60073.
13, 4621
List the prime factors of 118.
2, 59
What are the prime factors of 5449?
5449
What are the prime factors of 1041?
3, 347
List the prime factors of 15292.
2, 3823
What are the prime factors of 8414?
2, 7, 601
What are the prime factors of 14292?
2, 3, 397
What are the prime factors of 28480?
2, 5, 89
List the prime factors of 57593.
57593
List the prime factors of 23304.
2, 3, 971
What are the prime factors of 1089?
3, 11
What are the prime factors of 3389?
3389
List the prime factors of 60313.
11, 5483
What are the prime factors of 375?
3, 5
List the prime factors of 216.
2, 3
List the prime factors of 39025.
5, 7, 223
What are the prime factors of 12640?
2, 5, 79
What are the prime factors of 4904?
2, 613
List the prime factors of 1959.
3, 653
List the prime factors of 31069.
31069
List the prime factors of 10299.
3, 3433
List the prime factors of 2792.
2, 349
What are the prime factors of 8621?
37, 233
What are the prime factors of 628?
2, 157
List the prime factors of 59737.
31, 41, 47
List the prime factors of 64849.
64849
What are the prime factors of 5975?
5, 239
What are the prime factors of 6391?
7, 11, 83
What are the prime factors of 2037?
3, 7, 97
What are the prime factors of 5467?
7, 11, 71
List the prime factors of 6436.
2, 1609
What are the prime factors of 4475?
5, 179
What are the prime factors of 10432?
2, 163
List the prime factors of 22439.
19, 1181
What are the prime factors of 5949?
3, 661
What are the prime factors of 6474?
2, 3, 13, 83
List the prime factors of 1080.
2, 3, 5
What are the prime factors of 39505?
5, 7901
List the prime factors of 2561.
13, 197
List the prime factors of 2062.
2, 1031
List the prime factors of 903.
3, 7, 43
What are the prime factors of 962?
2, 13, 37
What are the prime factors of 6086?
2, 17, 179
What are the prime factors of 36300?
2, 3, 5, 11
List the prime factors of 28027.
28027
List the prime factors of 14263.
17, 839
What are the prime factors of 31204?
2, 29, 269
List the prime factors of 2281.
2281
List the prime factors of 1622.
2, 811
What are the prime factors of 105452?
2, 41, 643
List the prime factors of 2361.
3, 787
What are the prime factors of 7212?
2, 3, 601
List the prime factors of 298.
2, 149
What are the prime factors of 81354?
2, 3, 7, 13, 149
List the prime factors of 1523.
1523
List the prime factors of 517.
11, 47
List the prime factors of 15089.
79, 191
List the prime factors of 45403.
45403
What are the prime factors of 8016?
2, 3, 167
What are the prime factors of 3179?
11, 17
List the prime factors of 105.
3, 5, 7
List the prime factors of 4840.
2, 5, 11
List the prime factors of 134399.
134399
What are the prime factors of 69656?
2, 8707
What are the prime factors of 1928?
2, 241
List the prime factors of 2386.
2, 1193
What are the prime factors of 462?
2, 3, 7, 11
List the prime factors of 135406.
2, 79, 857
What are the prime factors of 235?
5, 47
What are the prime factors of 2571?
3, 857
What are the prime factors of 1422?
2, 3, 79
What are the prime factors of 51737?
7, 19, 389
What are the prime factors of 4203?
3, 467
List the prime factors of 2587.
13, 199
List the prime factors of 873.
3, 97
List the prime factors of 2265.
3, 5, 151
List the prime factors of 1677.
3, 13, 43
List the prime factors of 15700.
2, 5, 157
What are the prime factors of 658?
2, 7, 47
List the prime factors of 904.
2, 113
List the prime factors of 7771.
19, 409
What are the prime factors of 16581?
3, 5527
What are the prime factors of 7430?
2, 5, 743
List the prime factors of 36171.
3, 4019
List the prime factors of 486.
2, 3
What are the prime factors of 5094?
2, 3, 283
What are the prime factors of 3551?
53, 67
What are the prime factors of 17208?
2, 3, 239
List the prime factors of 1983.
3, 661
List the prime factors of 1759.
1759
What are the prime factors of 5806?
2, 2903
List the prime factors of 7221.
3, 29, 83
What are the prime factors of 120837?
3, 47, 857
What are the prime factors of 1166